7
Let r(t) = -t**2 + 684*t + 29809. Give r(-41).
84
Let h(b) = 549389*b + 30765784. Determine h(-56).
0
Let d(s) = -33703*s + 6976534. What is d(207)?
13
Let t(u) = 2*u**2 + 239*u + 2178. Calculate t(-109).
-111
Let c(j) = 2*j**3 + 49*j**2 - 759*j - 822. Determine c(-35).
18
Let w(f) = 5766*f + 51877. Give w(-9).
-17
Let d(c) = -c**3 + 218*c**2 - 10851*c - 252. Determine d(77).
210
Let f(m) = 20*m**3 + 1021*m**2 + 796*m + 37996. Calculate f(-51).
1
Let t(d) = d**3 + 12*d**2 + 81*d + 681. Determine t(-10).
71
Let i(n) = 1666*n - 41250. What is i(29)?
7064
Let w(v) = -19*v**2 + 1213*v + 17532. Calculate w(76).
-24
Let z(k) = -3125*k - 34207. Determine z(-11).
168
Let m(c) = 25*c**3 + 488*c + 1932. Determine m(-4).
-1620
Let k(d) = 28*d**3 + 11*d**2 + 10*d - 80. Give k(2).
208
Let p(y) = 79*y + 8540. What is p(-69)?
3089
Let m(h) = 392*h + 30084. Determine m(-76).
292
Let z(m) = 1847*m + 10469. Give z(-7).
-2460
Let j(s) = 32043*s + 704956. What is j(-22)?
10
Let c(m) = -1712*m - 1530810. Give c(-894).
-282
Let r(q) = -22*q**3 - 351*q**2 + 1110*q + 17502. Give r(-16).
-2
Let a(q) = -149*q**2 + 883*q - 5. Determine a(6).
-71
Let x(f) = -2*f**3 + 8402*f**2 + 67348*f + 45. Calculate x(-8).
13
Let l(a) = 30*a - 1722. Determine l(47).
-312
Let b(s) = -s**2 - 464*s + 17904. What is b(36)?
-96
Let y(f) = -2*f**3 + 27*f**2 + 556*f - 7585. Give y(14).
3
Let s(r) = -6*r**2 + 95*r + 8. What is s(16)?
-8
Let q(b) = 137*b + 10059. Determine q(-84).
-1449
Let q(a) = -a**3 + 284*a**2 - 5294*a + 3691. Determine q(264).
-5
Let p(h) = 708*h - 3526. What is p(5)?
14
Let v(k) = -3*k**2 - 173*k - 923. What is v(-56)?
-643
Let n(z) = 3*z**2 - 271*z + 5673. Give n(57).
-27
Let n(d) = -28768*d - 258916. Give n(-9).
-4
Let q(f) = -13*f**2 - 1287*f - 9104. Calculate q(-7).
-732
Let q(b) = b**2 + 2802*b + 750611. Determine q(-300).
11
Let u(h) = -9*h**3 - 332*h**2 + 57*h + 599. What is u(-37)?
-141
Let p(v) = -v**3 - 2*v**2 - 254*v + 553. What is p(0)?
553
Let a(t) = -16*t**3 - 98*t**2 - 28*t - 233. Determine a(-6).
-137
Let d(b) = 692*b - 10391. Determine d(15).
-11
Let t(j) = -10375*j - 6349500. Determine t(-612).
0
Let w(t) = -t**3 - 20*t**2 + 5*t - 505. Determine w(0).
-505
Let x(z) = -176*z - 856. Determine x(17).
-3848
Let y(j) = 446746*j + 1786985. What is y(-4)?
1
Let c(r) = -289*r + 1892. Give c(6).
158
Let w(z) = -11*z**2 + 750*z - 2269. What is w(3)?
-118
Let f(m) = -6*m**3 - 972*m**2 - 1929*m - 1389. What is f(-160)?
51
Let i(g) = g**2 + 120*g + 1076. Determine i(-23).
-1155
Let l(h) = -3795*h - 42872. Give l(-11).
-1127
Let q(t) = 18*t**3 - 90*t**2 + 38*t - 181. Determine q(5).
9
Let q(h) = 35*h - 2403. Determine q(77).
292
Let k(y) = 812*y**2 - 2364*y + 1. What is k(3)?
217
Let y(a) = 20*a**2 + 101*a - 1210. What is y(9)?
1319
Let g(q) = -33108*q + 165547. Calculate g(5).
7
Let s(y) = y**2 + 189*y + 3128. Determine s(-172).
204
Let q(h) = -4*h**3 + 70*h**2 - 152*h - 33. What is q(16)?
-929
Let q(u) = -u**3 + 96*u**2 - 525*u - 481. Give q(90).
869
Let g(c) = -251*c**2 + 4*c - 215. Calculate g(0).
-215
Let u(s) = -8*s**2 - 367*s - 32. Determine u(-47).
-455
Let l(p) = -173*p**3 + 15395*p**2 + 154*p + 2125. Give l(89).
-11
Let b(z) = -182714*z - 548140. Determine b(-3).
2
Let o(y) = -32*y**2 - 742*y - 31. What is o(-23)?
107
Let p(s) = -s**3 - 105*s**2 - 247*s - 4241. Give p(-103).
-18
Let r(u) = u**3 + 67*u**2 - 5505*u - 535. Calculate r(48).
185
Let a(g) = 128*g**2 + 184*g - 203. Calculate a(2).
677
Let r(j) = j**3 + 31*j**2 + 211*j + 5682. Calculate r(-29).
1245
Let k(d) = -d**2 - 16*d - 18. Determine k(11).
-315
Let p(n) = -146*n - 951. What is p(-6)?
-75
Let g(f) = -12109*f + 36306. Determine g(3).
-21
Let h(a) = a**3 - 205*a**2 + 206*a - 403. Give h(204).
5
Let c(r) = r**3 + 17*r**2 + 21*r + 142. Give c(-9).
601
Let s(b) = 53*b**3 - 270*b**2 - 659*b + 3415. What is s(5)?
-5
Let k(u) = 45*u**2 - 248*u - 77. Determine k(6).
55
Let l(z) = -32*z**3 + 101*z**2 + 3*z - 52. Determine l(3).
2
Let n(f) = -5056*f - 54158. Give n(-11).
1458
Let t(o) = -o**3 - 31*o**2 + 158*o + 4195. Calculate t(-32).
163
Let y(j) = -j**3 - 160*j**2 + 45*j - 8. Calculate y(0).
-8
Let q(l) = 52*l**2 + 1603*l + 3209. Calculate q(-2).
211
Let r(o) = -4293*o - 390720. Give r(-91).
-57
Let n(s) = 227342*s + 3182789. Calculate n(-14).
1
Let u(b) = -42*b**2 - 1104*b - 18. Calculate u(-12).
7182
Let v(t) = 4*t**2 - 86*t - 875. What is v(-12)?
733
Let h(m) = 96*m**2 - 6631*m + 13265. What is h(2)?
387
Let w(z) = 2*z**2 + 98*z - 19804. What is w(-127)?
8
Let f(j) = 4*j**2 - 752*j + 4551. Calculate f(6).
183
Let o(d) = 3988*d - 11934. What is o(3)?
30
Let u(o) = -12*o**3 + 39*o**2 + 86*o + 1. Determine u(6).
-671
Let x(c) = 42218*c - 295516. Give x(7).
10
Let g(b) = -3*b**2 - 45982*b - 275864. What is g(-6)?
-80
Let w(f) = -12*f**3 + 12*f**2 - 52*f + 136. Calculate w(5).
-1324
Let y(b) = -425*b + 27868. What is y(65)?
243
Let w(m) = 55*m + 4414. What is w(-74)?
344
Let w(s) = 1038*s - 97442. What is w(94)?
130
Let b(k) = 2977*k - 21063. Determine b(7).
-224
Let w(h) = 12706*h + 203281. Give w(-16).
-15
Let o(q) = 1007*q + 147002. Calculate o(-146).
-20
Let s(g) = -g**3 - 103*g**2 + 1883*g - 18736. Determine s(-120).
104
Let a(t) = 1138*t**2 - 55*t - 41. Determine a(-1).
1152
Let d(a) = a**3 + 58*a**2 + 427*a - 478. Determine d(-10).
52
Let o(d) = -379*d**2 - 3431*d + 2. What is o(-9)?
182
Let b(v) = 5*v**2 - 1713*v + 32262. What is b(20)?
2
Let r(o) = 1487*o - 280. What is r(1)?
1207
Let l(t) = -t**3 + 24*t**2 + 441*t - 231. Give l(36).
93
Let h(s) = -38*s**3 - 7*s**2 - 27*s + 44. Calculate h(-4).
2472
Let y(d) = -3*d**3 + 2*d**2 + 713*d - 1414. Give y(2).
-4
Let f(q) = -q**3 - 67*q**2 - 475*q + 6951. Give f(7).
0
Let x(l) = 67*l**2 + 9574*l + 426. Give x(-143).
1427
Let n(s) = -43589*s + 43599. What is n(1)?
10
Let k(p) = -62765*p - 313836. Calculate k(-5).
-11
Let q(u) = u**3 - 9*u**2 + 1667*u + 61. Determine q(0).
61
Let j(k) = -2*k**3 + 17*k**2 - 11299*k + 101807. Give j(9).
35
Let h(z) = 19*z**3 - 28*z**2 - 117*z + 13. Give h(-3).
-401
Let y(d) = d**2 - 264*d - 9801. Calculate y(297).
0
Let a(i) = -6*i**3 - 1008*i**2 - 37*i - 6224. What is a(-168)?
-8
Let v(c) = -c**3 - 198*c**2 + 409*c + 551. What is v(-200)?
-1249
Let n(v) = -227*v**3 + 5*v**2 - 108*v - 114. Determine n(-1).
226
Let g(u) = 2681*u + 261348. Calculate g(-98).
-1390
Let l(v) = 9583*v - 182067. Determine l(19).
10
Let s(v) = -9153*v - 36596. What is s(-4)?
16
Let x(h) = -h**2 + 273*h + 38823. Give x(376).
95
Let w(z) = 13*z**2 - 212*z + 1094. What is w(5)?
359
Let r(m) = -m**3 - 22*m**2 - 722*m - 1997. Determine r(-3).
-2
Let o(p) = 41*p**2 - 159*p - 186. What is o(3)?
-294
Let c(n) = n**2 + 16403*n - 312017. Calculate c(19).
1
Let w(u) = 2*u**3 - 468*u**2 - 17*u - 106496. Give w(235).
-41
Let r(x) = -x**3 - 3*x**2 - 9*x - 20. What is r(-4)?
32
Let o(i) = 8*i**3 - 80*i**2 - 14*i + 212. What is o(10)?
72
Let g(w) = 612*w**2 + 77*w - 24. Calculate g(0).
-24
Let x(u) = 3*u**3 + 8*u**2 + 38*u + 29. Give x(-3).
-94
Let m(n) = -2*n**2 + 3194*n - 19096. Determine m(6).
-4
Let b(k) = 571*k - 22222. Give b(31).
-4521
Let m(q) = -2*q**3 + 45*q**2 + 819*q - 17336. Determine m(25).
14
Let s(a) = -a**3 + 10*a**2 - 226*a + 3496. Determine s(13).
51
Let q(k) = k**2 - 1089*k + 48995. What is q(47)?
21
Let g(s) = -s**2 - 933*s - 29771. Give g(-33).
-71
Let u(m) = -5438*m - 4377588. Determine u(-805).
2
Let r(v) = -156*v - 29502. Determine r(-182).
-1110
Let n(w) = -w**3 + 699*w**2 - 1323*w - 49482. Give n(697).
5
Let q(n) = 8262*n + 8243. What is q(-1)?
-19
Let x(l) = -1957*l + 3705. Calculate x(2).
-209
Let z(p) = -30035*p + 90117. What is z(3)?
12
Let z(o) = 69*o + 1459. What is z(-29)?
-542
Let i(r) = 2*r**3 - 32*r**2 + 228*r - 3654. What is i(16)?
-6
Let q(s) = -25*s + 1346. What is q(54)?
-4
Let u(a) = -773*a + 42580. What is u(55)?
65
Let c(a) = -9*a**2 + 2228*a + 41611. What is c(265)?
6
Let t(u) = 525*u**2 + 8475*u + 1196. Determine t(-16).
-4
Let b(s) = 17*s + 2155. Give b(-111).
268
Let b(l) = -3*l**2 - 2514*l + 17736. What is b(7)?
-9
Let z(l) = -l**3 - 35*l**2 + 65*l + 1983. Calculate z(-35).
-292
Let w(b) = -40*b**2 - 8717*b + 18275. Give w(-220).
15
Let n(b) = -b**2 - 142*b - 1550. Determine n(-12).
10
Let n(m) = -2*m**3 - 